**3 + 139*t**2 - 16909*t - 1324. What is w(78)?
2
Let u(y) = -2*y**3 + 52*y**2 - 101*y - 10. What is u(24)?
-130
Let y(n) = n**3 + 97*n**2 - 1067*n - 94734. Calculate y(-98).
228
Let p(b) = -662*b + 33294. Give p(46).
2842
Let c(v) = 1758*v**2 - 8781*v - 26. Calculate c(5).
19
Let n(p) = -p**2 - 375*p - 20896. Give n(-308).
-260
Let q(f) = -14882*f - 178646. What is q(-12)?
-62
Let h(d) = -3*d**3 - 86*d**2 - 461*d + 85. Give h(-6).
403
Let s(u) = 2*u**3 - 60*u**2 + 196*u + 1306. What is s(25)?
-44
Let w(h) = 50*h**3 + 52*h**2 + 98*h - 10. Give w(-2).
-398
Let t(p) = -84534*p - 422685. Give t(-5).
-15
Let l(s) = 8*s**3 - 2719*s**2 - 180*s - 54399. Give l(340).
1
Let a(k) = 10*k**3 - 8*k**2 + 80*k - 135. Determine a(4).
697
Let f(h) = 102977*h - 3501210. Give f(34).
8
Let u(g) = -g**2 - 282*g - 4118. What is u(-17)?
387
Let u(l) = 2*l**3 - 104*l**2 + 250*l + 162. Calculate u(3).
30
Let s(p) = -5383*p - 53828. Determine s(-10).
2
Let s(n) = -n**3 + 60*n**2 - 871*n - 625. Calculate s(34).
-183
Let a(c) = 4*c**2 + 7*c - 75. Determine a(-5).
-10
Let t(u) = -2586*u - 38624. Calculate t(-15).
166
Let w(d) = -d**3 + 24*d**2 - 85*d + 1548. What is w(23)?
122
Let q(z) = z**2 + 400*z - 24428. Calculate q(54).
88
Let r(p) = 10*p**2 + 8731*p + 61516. Give r(-866).
30
Let o(d) = -5937*d - 41564. Give o(-7).
-5
Let t(x) = 17993*x + 1133570. What is t(-63)?
11
Let b(v) = 2*v**2 - 578*v - 8162. Give b(303).
322
Let a(n) = -257*n**2 + 7894*n + 118. Give a(31).
-2145
Let o(y) = y**2 + 21*y - 20301. Give o(125).
-2051
Let k(b) = 2*b**3 - 81*b**2 + 308*b + 22. Determine k(5).
-213
Let h(q) = -q**2 + 96*q - 2095. Calculate h(79).
-752
Let g(w) = 6*w**3 + 138*w**2 - 9*w + 179. Give g(-23).
386
Let z(p) = -1300*p + 86995. What is z(67)?
-105
Let i(b) = -b**3 - 71*b**2 - 393*b + 9936. Calculate i(-62).
-294
Let v(l) = 7*l**3 - 7*l**2 - 62*l - 182. Give v(10).
5498
Let b(y) = -21531*y + 452728. Determine b(21).
577
Let n(t) = t**2 - 3349*t - 67383. Calculate n(-20).
-3
Let x(g) = 2*g**2 - 39*g + 267. Give x(21).
330
Let x(m) = -79*m**2 + 1572*m + 65. Determine x(20).
-95
Let i(w) = 3*w**2 - 4279*w + 47084. What is i(11)?
378
Let o(h) = -1383*h - 16599. Calculate o(-12).
-3
Let l(y) = 67*y - 325. What is l(3)?
-124
Let n(t) = 41*t**2 - 400*t + 794. Determine n(2).
158
Let b(o) = -2*o**3 - 289*o**2 - 3135*o - 386969. Determine b(-143).
-11
Let k(u) = -3309*u + 506312. What is k(153)?
35
Let j(q) = -11678*q + 26602500. Determine j(2278).
16
Let v(h) = -4*h**3 + 83*h**2 - 37*h + 8. Give v(20).
468
Let z(p) = 213*p**2 - 80*p - 167. What is z(-2)?
845
Let t(y) = 183*y**3 + 1828*y**2 - 689*y - 6688. Determine t(-10).
2
Let q(u) = -170507*u + 21. Calculate q(0).
21
Let r(v) = 221570*v - 221570. Calculate r(1).
0
Let n(i) = 8*i**2 + 28*i + 40. Determine n(-12).
856
Let r(s) = -2*s**2 - 5725*s + 17167. What is r(3)?
-26
Let l(a) = 19*a**2 + 127*a - 584. What is l(-10)?
46
Let l(c) = -261*c + 65013. Determine l(252).
-759
Let h(f) = 2*f**3 - 52*f**2 - 88*f - 61. Calculate h(28).
611
Let m(a) = -3*a**3 + 316*a**2 - 721*a - 19. Give m(103).
-19
Let p(d) = -17*d**2 - 2742*d - 6195. What is p(-159)?
6
Let v(x) = -122202*x + 7087715. Give v(58).
-1
Let v(p) = 659*p**2 + 4375*p + 8. Calculate v(-7).
1674
Let w(h) = -9*h**2 + 1080*h - 300. Calculate w(120).
-300
Let i(m) = 2*m**3 - 4932*m**2 + 1530257*m - 362. Give i(364).
2
Let y(t) = 3*t**2 - 7936*t + 23821. Calculate y(3).
40
Let h(g) = 4*g**3 - 10*g**2 + 15*g - 4. Give h(1).
5
Let y(v) = -573*v + 34838. Determine y(59).
1031
Let t(l) = l**3 + 388*l**2 - 1530*l + 14912. Give t(-392).
16
Let d(z) = 539529*z + 1079066. What is d(-2)?
8
Let x(a) = a**2 - 160*a - 17044. What is x(233)?
-35
Let m(i) = -1663*i - 69830. What is m(-42)?
16
Let r(f) = -124546*f + 498178. Give r(4).
-6
Let w(u) = -131*u**2 + 1845*u - 119. Determine w(14).
35
Let o(s) = s**3 - 10*s**2 - 32*s + 109. Calculate o(13).
200
Let z(y) = 3*y**3 - 909*y**2 - 177391*y - 144. Give z(-135).
-9
Let h(y) = y**3 + 6*y**2 - 18499*y - 1667. Calculate h(-139).
1
Let x(z) = 4*z**3 + 77*z**2 - 44*z + 23. What is x(-20)?
-297
Let j(b) = -2548*b - 231834. What is j(-91)?
34
Let m(w) = -3324*w + 79800. Calculate m(24).
24
Let r(f) = -f**3 - 49*f**2 + 90*f + 2197. Give r(-50).
197
Let l(d) = -d**3 + 74*d**2 - 507*d + 43622. Calculate l(75).
-28
Let x(q) = -2*q**2 - 695*q + 117526. What is x(-472)?
-2
Let h(g) = 7*g**3 - 701*g**2 - 429*g + 52909. Determine h(100).
9
Let y(h) = 511*h - 7423. What is y(9)?
-2824
Let g(f) = 87*f + 7052. Calculate g(-79).
179
Let y(b) = b**3 + 16*b**2 - 2064*b + 257. Calculate y(38).
-199
Let h(s) = -43055*s - 602770. Give h(-14).
0
Let d(j) = -j**2 - 161*j - 4240. Determine d(-128).
-16
Let k(b) = b**3 - 6*b**2 - 1493*b + 6055. What is k(4)?
51
Let s(p) = -231*p + 5362. What is s(21)?
511
Let y(l) = -28*l**2 + 684*l + 3810. Give y(29).
98
Let b(g) = -1109*g - 20047. What is b(-18)?
-85
Let d(l) = -2*l**3 + 21*l**2 - 45*l + 233. Give d(13).
-1197
Let u(k) = k**3 - 246*k**2 + 744*k - 1758. Give u(243).
1887
Let l(h) = 3*h**2 - 245*h - 9322. What is l(111)?
446
Let l(b) = b**3 + 14*b**2 + 159*b - 845. Determine l(5).
425
Let a(q) = -15*q**2 + 2445*q + 37199. Determine a(-14).
29
Let y(p) = p**3 + 5*p**2 - 1175*p - 3542. Calculate y(-3).
1
Let j(c) = c**3 + 206*c**2 - 1756*c - 9427. Calculate j(-214).
-11
Let k(l) = -l**2 - 385*l - 9384. What is k(-29)?
940
Let o(x) = -202*x**2 - 2437*x - 123. Calculate o(-12).
33
Let m(c) = 77265*c + 154567. Give m(-2).
37
Let g(s) = -s**3 - 62*s**2 - 1250*s - 88181. Determine g(-64).
11
Let g(m) = -43025*m - 1419810. Give g(-33).
15
Let q(t) = -15300*t + 15926. Give q(1).
626
Let w(o) = -18568*o + 37299. Calculate w(2).
163
Let g(v) = -v**3 + 106*v**2 - 1125*v - 305. Give g(94).
-23
Let p(x) = 5365*x + 91250. Determine p(-17).
45
Let q(g) = g**3 - 166*g**2 - 495*g - 1579. Determine q(169).
449
Let g(v) = -10768*v - 333914. Determine g(-31).
-106
Let n(o) = 24*o**2 - 858*o - 190. Give n(36).
26
Let b(y) = y**3 - 89*y**2 - 125*y - 5189. Give b(91).
-2
Let c(i) = -128063*i - 640341. What is c(-5)?
-26
Let p(m) = m**3 + 321*m**2 - 7565*m + 430. Determine p(22).
12
Let q(u) = 3462*u + 10156. Give q(-3).
-230
Let v(b) = 20*b - 642. Calculate v(13).
-382
Let b(f) = -23*f**2 - 241*f + 1738. What is b(7)?
-1076
Let h(d) = -4726*d + 368612. Calculate h(78).
-16
Let r(w) = -w**3 + 37*w**2 + 22*w - 2102. Give r(36).
-14
Let l(u) = 2*u**2 + 765*u - 112158. Give l(113).
-175
Let r(p) = -p**3 + 11*p**2 - 896*p + 10831. Determine r(12).
-65
Let x(f) = f**3 + 141*f**2 - 1164*f + 4138. What is x(-149)?
-34
Let v(z) = 13*z**2 + 5454*z + 13620. What is v(-417)?
-141
Let x(m) = -2*m**2 - 230*m - 1188. What is x(-108)?
324
Let b(p) = p**2 + 140*p - 8042. Calculate b(-180).
-842
Let z(p) = p**3 - 10*p**2 + 1476*p - 190318. Give z(52).
2
Let q(b) = -4224*b + 38029. Determine q(9).
13
Let w(j) = -j**3 + 23*j**2 + 68*j - 296. What is w(-5)?
64
Let s(t) = t**2 + 4777*t + 1734907. Determine s(-396).
31
Let t(h) = -6*h**3 - 179*h**2 - 82*h - 867. What is t(-30)?
2493
Let h(y) = -173*y - 24910. Calculate h(-149).
867
Let x(y) = -6*y**2 + 368*y + 5702. Give x(-15).
-1168
Let m(t) = -294*t + 13464. Give m(46).
-60
Let z(p) = -12349*p + 185240. Calculate z(15).
5
Let k(f) = f**3 - 38*f**2 + 320*f + 162. Determine k(25).
37
Let n(z) = -1429*z - 150065. Determine n(-105).
-20
Let a(v) = v**2 - 92*v + 442. Give a(86).
-74
Let o(f) = -f**2 - 596*f - 54465. Determine o(-111).
-630
Let y(f) = 33*f**3 + 1250*f**2 - 147*f + 192. Calculate y(-38).
2
Let m(u) = -1399*u - 58698. What is m(-42)?
60
Let n(p) = 8719*p + 148188. Calculate n(-17).
-35
Let v(s) = 257810*s + 3351525. Give v(-13).
-5
Let r(d) = 2*d**2 - 155*d - 202. Calculate r(75).
-577
Let p(m) = 4*m**3 + 355*m**2 - 1584*m - 221. Calculate p(-93).
58
Let u(h) = -21*h**3 - 362*h**2 - 69*h - 540. Give u(-17).
-812
Let s(l) = -l**3 - 40*l**2 + 17*l + 6422. Calculate s(-16).
6
Let v(c) = 12758*c + 1811644. What is v(-142)?
8
Let l(p) = 49*p**3 - 439*p**2 - 203*p + 1681. Calculate l(9).
16
Let y(z) = -z**2 + 173*z + 31757. What is y(-111)?
233
Let v(j) = 1405*j - 309134. What is v(220)?
-34
Let c(m) = 10505*m - 31520. Calculate c(3).
-5
Let k(j) = j**3 - j**2 - 409*j + 1593. What is k(4)?
5
Let a(v) = -7264